1
Let s(u) = -2*u**2 + 310*u + 1536. Give s(-5).
-64
Let g(x) = -3*x**2 - 27*x + 1. What is g(-6)?
55
Let n(j) = -2*j**2 + 10*j - 4. Determine n(4).
4
Let i(z) = -38*z - 663. Give i(-17).
-17
Let c(x) = -2*x**3 + 43*x**2 + 20*x + 89. What is c(22)?
45
Let d(f) = -f**3 + 6*f**2 - 10. What is d(5)?
15
Let j(p) = 2*p**2 - 46*p + 132. Determine j(18).
-48
Let s(r) = 34*r - 349. Calculate s(-8).
-621
Let m(w) = -115*w - 1085. Give m(-12).
295
Let n(y) = -367*y**2 + 1470*y - 20. Determine n(4).
-12
Let c(p) = p**3 + 11*p**2 + 31*p + 206. Calculate c(-10).
-4
Let i(d) = -398*d + 16. Give i(-1).
414
Let p(y) = 4*y**3 + 2*y**2 + 8*y - 22. What is p(2)?
34
Let r(f) = -f**2 - 8*f - 8. Calculate r(-9).
-17
Let q(k) = 401*k - 1995. Give q(5).
10
Let p(q) = 24*q**2 + 2*q + 2. Calculate p(1).
28
Let m(h) = 10*h**2 + 389*h + 2671. What is m(-30)?
1
Let q(r) = -r**3 - 5*r**2 + 24*r + 23. Determine q(-10).
283
Let y(x) = -x**2 - 55*x - 645. Calculate y(-17).
1
Let u(z) = -z**2 - 27*z - 177. Determine u(-16).
-1
Let t(n) = 31*n**2 + 112*n - 19. Determine t(-4).
29
Let q(b) = -3*b**3 - 26*b**2 + 8*b - 2. Determine q(-9).
7
Let l(r) = r**3 - 9*r**2 - 35*r - 18. What is l(12)?
-6
Let v(n) = 32*n + 1055. What is v(-22)?
351
Let c(m) = -308*m**2 + 82*m - 83. What is c(1)?
-309
Let z(k) = 1330*k - 10637. Calculate z(8).
3
Let f(i) = 25*i - 31. Calculate f(4).
69
Let u(d) = 3711*d + 11137. Determine u(-3).
4
Let a(w) = -31*w - 1878. Determine a(-60).
-18
Let z(q) = -q**3 - 5*q**2 + 61*q + 322. Give z(-7).
-7
Let a(p) = 2*p**3 + 6*p**2 + 7*p + 49. Determine a(-4).
-11
Let b(w) = 2*w**3 - 106*w**2 + 2*w - 114. What is b(53)?
-8
Let y(w) = 12*w**2 + 682*w - 78. Determine y(-57).
36
Let j(z) = 37*z**3 - 334*z**2 + 4*z + 4. Determine j(9).
-41
Let p(k) = -194*k**3 - k**2 + k - 2. Determine p(1).
-196
Let w(t) = -8892*t + 13. Give w(0).
13
Let l(f) = -2*f**2 - 28*f + 112. Calculate l(-17).
10
Let j(c) = -3*c**3 + 249*c**2 + 255*c - 262. Determine j(84).
-10
Let m(c) = 18*c**3 + 73*c**2 + 7*c + 36. Give m(-4).
24
Let w(y) = -4953*y - 34674. What is w(-7)?
-3
Let w(i) = 3*i**3 + i**2 - 38*i - 78. Calculate w(-2).
-22
Let s(w) = 12*w - 270. Give s(37).
174
Let p(i) = -21*i - 28. What is p(-8)?
140
Let s(m) = m**3 + 33*m**2 - 107*m + 33. Give s(-36).
-3
Let t(c) = 9*c**2 + 869*c + 481. Calculate t(-96).
1
Let a(p) = -2*p**3 + 15*p**2 - 3*p - 6. Determine a(6).
84
Let j(m) = 366*m + 1102. Determine j(-3).
4
Let b(a) = -723*a + 6547. What is b(9)?
40
Let k(f) = -1374*f - 34341. Give k(-25).
9
Let h(u) = -43*u + 1337. Calculate h(27).
176
Let z(x) = -x**3 - 3*x**2 + 24*x + 38. Calculate z(-4).
-42
Let b(l) = -32*l - 213. Calculate b(-7).
11
Let m(d) = d**2 + 54*d + 57. Give m(-27).
-672
Let d(j) = -17*j - 895. What is d(-59)?
108
Let a(x) = -2*x**3 - 21*x**2 + 23*x + 4. Determine a(-11).
-128
Let q(d) = -d**2 + 39*d. Calculate q(38).
38
Let i(k) = -68*k + 1082. Calculate i(16).
-6
Let o(h) = 65*h + 535. Determine o(-10).
-115
Let x(i) = 2*i**3 + 60*i**2 - 3*i + 18. Give x(-30).
108
Let f(r) = -4*r**2 - 21*r + 26. Calculate f(11).
-689
Let h(q) = -q**3 - 36*q**2 - 330*q + 12. Determine h(-18).
120
Let d(b) = -2*b**3 - 4*b**2 - 1844*b - 5537. Determine d(-3).
13
Let z(q) = 587*q - 622. Calculate z(1).
-35
Let v(i) = 354*i - 5656. Determine v(16).
8
Let c(l) = l**3 - l - 10. Determine c(-4).
-70
Let j(s) = s**2 + 14*s - 121. Determine j(-18).
-49
Let t(z) = -2*z**2 + 190*z + 789. What is t(-4)?
-3
Let r(v) = -8*v + 255. What is r(31)?
7
Let m(b) = -b**3 + 31*b**2 - 94*b + 286. Give m(28).
6
Let t(g) = -7*g**2 + 155*g + 2. Determine t(22).
24
Let z(c) = -1404*c - 1418. Determine z(-1).
-14
Let h(x) = 424*x + 416. What is h(-1)?
-8
Let j(b) = -106*b + 445. Give j(7).
-297
Let n(q) = q**2 - 204*q + 1036. Calculate n(5).
41
Let a(v) = 48*v - 1487. Calculate a(31).
1
Let l(a) = 16*a**2 - 479*a - 17. What is l(30)?
13
Let d(r) = -2*r**2 + 42*r + 337. What is d(-6)?
13
Let c(r) = r**2 - 640*r + 8761. Calculate c(14).
-3
Let t(q) = -q**2 + 48*q - 108. What is t(11)?
299
Let y(c) = 15*c**2 + 14*c - 80. What is y(2)?
8
Let b(m) = 251*m + 4790. Give b(-19).
21
Let z(y) = -2*y**3 + 19*y**2 - 22*y - 30. Determine z(8).
-14
Let c(f) = -13*f**2 + 531*f + 50. Give c(41).
-32
Let l(i) = 176*i + 14. What is l(1)?
190
Let p(l) = l**2 + 8*l - 2907. Give p(50).
-7
Let h(m) = -48*m**2 - 19*m + 16. What is h(-1)?
-13
Let g(t) = 42*t**2 - 5798*t + 252. Determine g(138).
-24
Let f(r) = -116*r + 934. What is f(8)?
6
Let c(b) = 33363*b + 200171. What is c(-6)?
-7
Let b(y) = y**2 - 231*y + 2226. Calculate b(10).
16
Let j(g) = g**2 - 11*g - 363. Give j(26).
27
Let h(l) = 6*l**2 - 13*l + 28. What is h(5)?
113
Let z(c) = c**3 - 14*c**2 + 6*c + 163. Calculate z(12).
-53
Let z(f) = -32*f - 54. What is z(7)?
-278
Let d(g) = 439*g**3 + 15*g**2 + 13*g - 1. Give d(-1).
-438
Let c(d) = d**3 - 67*d**2 - 22*d + 1471. Give c(67).
-3
Let o(l) = l**3 + 4*l**2 + 1608*l + 6433. Give o(-4).
1
Let g(b) = -9*b - 85. Determine g(-30).
185
Let m(f) = f**3 - 44*f**2 + f + 1753. What is m(43)?
-53
Let l(m) = m**3 + 8*m**2 + 15*m + 39. What is l(-4)?
43
Let j(l) = l**2 - 173*l + 5767. What is j(128)?
7
Let d(w) = w**3 + 106*w**2 + 233*w + 2599. Determine d(-104).
-1
Let n(l) = 294*l + 841. What is n(-3)?
-41
Let p(j) = 47*j - 17. Calculate p(-6).
-299
Let b(n) = 56*n + 722. Determine b(-13).
-6
Let m(t) = -2*t**3 + 121*t**2 - 59*t + 188. Calculate m(60).
248
Let i(v) = -18*v**2 - 55*v + 227. What is i(4)?
-281
Let g(k) = 33*k**3 - 3*k**2 + 41*k + 101. Determine g(-2).
-257
Let d(w) = -3*w**2 - 342*w - 1391. Determine d(-110).
-71
Let m(i) = i**2 + 38*i + 210. Give m(-6).
18
Let w(u) = u**2 + 8*u - 17. What is w(-5)?
-32
Let h(z) = 2122*z - 6355. Give h(3).
11
Let c(b) = 3*b**2 + 12*b - 75. What is c(-7)?
-12
Let t(r) = -123*r - 4179. Give t(-34).
3
Let d(h) = -2*h**3 + 11*h**2 - 22*h + 175. Calculate d(6).
7
Let o(i) = -2*i**2 + 140*i + 914. Calculate o(76).
2
Let t(a) = -21*a**3 - 131*a**2 + 3*a - 37. Give t(-6).
-235
Let h(m) = -m**2 + 3278*m - 22912. Calculate h(7).
-15
Let b(v) = 5*v**2 - 5*v - 24. Calculate b(3).
6
Let l(g) = -8*g**3 - 6*g**2 - 4*g - 1. Determine l(-1).
5
Let r(v) = -3709*v - 18561. Determine r(-5).
-16
Let s(h) = -h**2 - 21*h + 73. Determine s(-24).
1
Let d(f) = -f**3 - 46*f**2 + 148*f + 28. What is d(-49)?
-21
Let k(o) = -5422*o - 27002. Calculate k(-5).
108
Let o(p) = -p**2 + 42*p + 87. Determine o(30).
447
Let h(i) = 13*i**3 - 7*i**2 + 2*i + 9. Calculate h(-1).
-13
Let i(l) = l**2 - 28*l - 19. Determine i(7).
-166
Let a(i) = 6*i + 132. Calculate a(-23).
-6
Let v(p) = -p**3 - 41*p**2 - 177*p - 20. Determine v(-36).
-128
Let u(x) = -12*x + 115. Calculate u(23).
-161
Let n(z) = 2*z**3 + 180*z**2 - 2*z - 90. What is n(-90)?
90
Let i(d) = 8*d**2 + 607*d - 97. Calculate i(-76).
-21
Let s(o) = -5*o**3 - 62*o**2 + 33*o - 28. Determine s(-13).
50
Let s(c) = -20*c + 208. Determine s(10).
8
Let g(z) = 260*z**2 + 1845*z + 171. Determine g(-7).
-4
Let z(x) = -849*x - 79810. Give z(-94).
-4
Let k(m) = 15*m**2 - 17*m - 85. Determine k(3).
-1
Let x(u) = -u**3 + 22*u**2 - 61*u - 112. Calculate x(18).
86
Let z(k) = k**3 - 43*k**2 - 8*k + 161. What is z(43)?
-183
Let d(c) = 488*c + 2946. Calculate d(-6).
18
Let u(j) = 27*j - 208. Calculate u(6).
-46
Let o(k) = k**2 + 421*k - 3437. Give o(8).
-5
Let t(u) = 38*u**2 + 2*u - 1. Calculate t(2).
155
Let m(l) = -l**2 + 32*l - 180. Give m(25).
-5
Let j(h) = 1380*h - 38630. Give j(28).
10
Let y(v) = -73*v + 235. Determine y(3).
16
Let t(v) = -v**3 + 22*v**2 - 26*v + 106. Determine t(21).
1
Let g(v) = v**3 + 84*v**2 + 741*v + 19. What is g(-10)?
9
Let n(d) = 235*d**2 - 36*d + 34. What is n(1)?
233
Let r(h) = -h**2 + 97*h - 695. Calculate r(86).
251
Let n(g) = -44*g + 38. Calculate n(-4).
214
Let h(p) = -4*p**2 - 6*p - 15. Calculate h(-4).
-55
Let y(z) = 73*z**3 + 948*z**2 - 14*z - 9. Determine y(-13).
4
Let i(y) = 3*y**2 + 44*y + 58. Determine i(-15).
73
Let t(l) = 142*l + 6966. Determine t(-49).
8
Let q(i) = 2*i**3 - 4*i**2 + 26. Calculate q(3).
44
Let a(g) = -35*g**2 + g + 2. Give a(-1).
-34
Let w(p) = -p**2 + 13*p + 11. What is w(15)?
-19
Let s(k) = 17*k**2 - 208*k + 56. Determine s(12).
8
Let t(k) = -k**2 + 130*k - 2040. Give t(18).
-24
Let f(l) = -3*l**2 - 88*l - 618. What is f(-